emainder when 246627 is divided by 23.
21
Calculate the remainder when 95525 is divided by 47712.
101
What is the remainder when 1607 is divided by 220?
67
Calculate the remainder when 312983 is divided by 82.
71
What is the remainder when 1296959 is divided by 192?
191
Calculate the remainder when 9308 is divided by 313.
231
Calculate the remainder when 40703 is divided by 261.
248
What is the remainder when 148811 is divided by 1181?
5
Calculate the remainder when 72460 is divided by 16.
12
Calculate the remainder when 85621 is divided by 103.
28
Calculate the remainder when 7397 is divided by 738.
17
What is the remainder when 62339 is divided by 618?
539
What is the remainder when 957 is divided by 195?
177
What is the remainder when 14971 is divided by 140?
131
What is the remainder when 123718 is divided by 21?
7
What is the remainder when 1339592 is divided by 1524?
1520
Calculate the remainder when 7670 is divided by 589.
13
Calculate the remainder when 290166 is divided by 297.
294
Calculate the remainder when 3802 is divided by 476.
470
Calculate the remainder when 4444439 is divided by 259.
258
Calculate the remainder when 3908 is divided by 27.
20
What is the remainder when 91842 is divided by 91838?
4
Calculate the remainder when 1117 is divided by 1098.
19
What is the remainder when 498 is divided by 214?
70
Calculate the remainder when 3471855 is divided by 333.
330
What is the remainder when 130847 is divided by 130846?
1
What is the remainder when 10124 is divided by 361?
16
What is the remainder when 78623 is divided by 36?
35
What is the remainder when 26028 is divided by 25968?
60
What is the remainder when 1736 is divided by 1020?
716
Calculate the remainder when 861585 is divided by 364.
361
What is the remainder when 2746 is divided by 92?
78
What is the remainder when 14691 is divided by 365?
91
Calculate the remainder when 653769 is divided by 217921.
6
Calculate the remainder when 2544 is divided by 101.
19
Calculate the remainder when 66490 is divided by 10.
0
Calculate the remainder when 6414 is divided by 1370.
934
What is the remainder when 187382 is divided by 34?
8
What is the remainder when 2767 is divided by 2707?
60
What is the remainder when 5017 is divided by 1403?
808
What is the remainder when 141635 is divided by 26?
13
What is the remainder when 116564 is divided by 116532?
32
Calculate the remainder when 1555 is divided by 48.
19
What is the remainder when 357250 is divided by 75?
25
What is the remainder when 34032 is divided by 897?
843
What is the remainder when 80104 is divided by 678?
100
Calculate the remainder when 8789 is divided by 1087.
93
What is the remainder when 19496 is divided by 237?
62
What is the remainder when 3513 is divided by 122?
97
Calculate the remainder when 22426 is divided by 10983.
460
Calculate the remainder when 9049 is divided by 1657.
764
What is the remainder when 43433 is divided by 415?
273
Calculate the remainder when 61753 is divided by 61739.
14
Calculate the remainder when 10355 is divided by 647.
3
What is the remainder when 587 is divided by 149?
140
Calculate the remainder when 60209 is divided by 127.
11
Calculate the remainder when 68225 is divided by 758.
5
What is the remainder when 605320 is divided by 143?
1
Calculate the remainder when 1062497 is divided by 4560.
17
What is the remainder when 1041 is divided by 463?
115
Calculate the remainder when 310777 is divided by 41.
38
Calculate the remainder when 12388 is divided by 270.
238
What is the remainder when 105247 is divided by 33?
10
What is the remainder when 606641 is divided by 1932?
1925
What is the remainder when 113571 is divided by 28392?
3
Calculate the remainder when 2842 is divided by 695.
62
Calculate the remainder when 4874 is divided by 163.
147
Calculate the remainder when 15711 is divided by 5237.
0
Calculate the remainder when 1764 is divided by 170.
64
What is the remainder when 52796 is divided by 40?
36
Calculate the remainder when 213713 is divided by 213696.
17
Calculate the remainder when 16942 is divided by 677.
17
What is the remainder when 1618 is divided by 438?
304
What is the remainder when 36926 is divided by 26?
6
What is the remainder when 385 is divided by 272?
113
Calculate the remainder when 123549 is divided by 353.
352
Calculate the remainder when 41074 is divided by 265.
264
Calculate the remainder when 20501 is divided by 331.
310
What is the remainder when 2034 is divided by 2023?
11
Calculate the remainder when 15788 is divided by 2617.
86
Calculate the remainder when 336537 is divided by 917.
915
Calculate the remainder when 18330 is divided by 96.
90
What is the remainder when 21658 is divided by 38?
36
What is the remainder when 30385 is divided by 131?
124
What is the remainder when 1260794 is divided by 4?
2
Calculate the remainder when 544427 is divided by 36.
35
Calculate the remainder when 12281 is divided by 5986.
309
Calculate the remainder when 2419394 is divided by 53.
50
Calculate the remainder when 48168 is divided by 311.
274
Calculate the remainder when 3242 is divided by 59.
56
Calculate the remainder when 2234 is divided by 197.
67
Calculate the remainder when 14448 is divided by 218.
60
What is the remainder when 28961 is divided by 28917?
44
Calculate the remainder when 1365670 is divided by 616.
614
What is the remainder when 5002 is divided by 222?
118
What is the remainder when 42964 is divided by 33?
31
Calculate the remainder when 29933 is divided by 29920.
13
What is the remainder when 1387 is divided by 690?
7
Calculate the remainder when 16229 is divided by 30.
29
Calculate the remainder when 261289 is divided by 43545.
19
What is the remainder when 33316 is divided by 87?
82
What is the remainder when 7401 is divided by 75?
51
What is the remainder when 9987 is divided by 45?
42
What is the remainder when 7860 is divided by 1959?
24
What is the remainder when 2398 is divided by 316?
186
Calculate the remainder when 12725 is divided by 8.
5
Calculate the remainder when 27471 is divided by 632.
295
What is the remainder when 5941 is divided by 64?
53
Calculate the remainder when 614 is divided by 8.
6
What is the remainder when 1770 is divided by 991?
779
What is the remainder when 486165 is divided by 181?
180
Calculate the remainder when 140121 is divided by 35.
16
Calculate the remainder when 350272 is divided by 58374.
28
What is the remainder when 2675 is divided by 161?
99
What is the remainder when 21131 is divided by 4223?
16
What is the remainder when 6676 is divided by 516?
484
What is the remainder when 139043 is divided by 12?
11
Calculate the remainder when 22853 is divided by 6.
5
What is the remainder when 87992 is divided by 34?
0
Calculate the remainder when 450399 is divided by 118.
111
What is the remainder when 2350 is divided by 165?
40
Calculate the remainder when 8167 is divided by 12.
7
Calculate the remainder when 1578 is divided by 1508.
70
Calculate the remainder when 172554 is divided by 1190.
4
What is the remainder when 280119 is divided by 280089?
30
What is the remainder when 1377635 is divided by 591?
14
What is the remainder when 525703 is divided by 68?
63
What is the remainder when 72468 is divided by 49?
46
What is the remainder when 3335 is divided by 302?
13
Calculate the remainder when 10184 is divided by 105.
104
What is the remainder when 6254 is divided by 1019?
140
What is the remainder when 1762 is divided by 1760?
2
Calculate the remainder when 55634 is divided by 4279.
7
What is the remainder when 38293 is divided by 69?
67
What is the remainder when 471310 is divided by 36?
34
What is the remainder when 670 is divided by 617?
53
What is the remainder when 6211 is divided by 343?
37
Calculate the remainder when 9137 is divided by 4568.
1
What is the remainder when 209470 is divided by 525?
520
What is the remainder when 1961 is divided by 91?
50
What is the remainder when 1028 is divided by 375?
278
What is the remainder when 18004 is divided by 56?
28
What is the remainder when 103332 is divided by 615?
12
Calculate the remainder when 8318 is divided by 80.
78
What is the remainder when 15842 is divided by 7847?
148
Calculate the remainder when 40611 is divided by 13.
12
Calculate 